).
173
Suppose 3*p - 3 = 9. Suppose -3*h + 392 = h - 2*v, -p*v = 3*h - 305. Suppose 7*j + h = 10*j. What are the prime factors of j?
3, 11
Let j = -626 - -893. List the prime factors of j.
3, 89
Let o = 46 + -40. Suppose o*f - 1170 = -4*f. List the prime factors of f.
3, 13
Let c = -10 + 14. Suppose 10 = 3*o - c*t - 23, 4*o - 3*t = 44. Suppose -3 - o = -2*p. List the prime factors of p.
7
Suppose -g + o - 145 = g, 0 = g + 5*o + 89. Let m = g - -100. List the prime factors of m.
2, 13
Let i(l) = -109*l - 6. List the prime factors of i(-5).
7, 11
Suppose -s = s + 4. Suppose 3*w - 48 = -0*w. List the prime factors of (-23)/s - (-8)/w.
2, 3
What are the prime factors of (-100 - 4)*1*(-122)/8?
2, 13, 61
Suppose -u - 30 = 53. Let z = -44 - u. Suppose 0*o + z = o. List the prime factors of o.
3, 13
List the prime factors of 7 + ((-91098)/(-9))/7.
1453
Let k(z) = z**2 - 5*z - 2. Let s be k(6). Suppose 6*b - 66 = s*b. List the prime factors of b.
3, 11
Let u = 23 - 23. Suppose u = -4*v - v + x + 23, x - 9 = -3*v. Suppose -3*j - 4*r = -j - 138, 5*r - 267 = -v*j. What are the prime factors of j?
3, 7
Let b(z) = -z**2 - 9*z + 2. Let x be b(-9). Suppose -q = -4*v + 243, x*v - 16 - 95 = -3*q. What are the prime factors of v?
2, 3, 5
Let a = 110 + -226. Let y = 154 + a. What are the prime factors of y?
2, 19
List the prime factors of (-253)/(-22)*(-2 + 22).
2, 5, 23
Let c = -89 + 265. List the prime factors of c/10 - (-5 + 184/40).
2, 3
What are the prime factors of (9/6)/(39/6474)?
3, 83
List the prime factors of (-48659)/(-91) - 2/(-7).
5, 107
Suppose -g + 189 + 227 = 0. What are the prime factors of g?
2, 13
Let k(t) = 4*t + 5. Let n be k(-2). Let m(h) = -19*h + 17. What are the prime factors of m(n)?
2, 37
Let g(w) = w**3 - 30*w**2 - 82*w + 31. List the prime factors of g(34).
1867
Suppose i + 3*m = 4*m + 23, -5*m = 5*i - 85. Suppose 2*r - i = 2*t - 3*t, t + 4 = r. List the prime factors of r.
2
Let v(z) = 14*z**2 - 2*z - 1. List the prime factors of v(5).
3, 113
Let k = 6 - 2. Suppose -a - 1 + k = 0. Suppose 8*l = a*l + 140. What are the prime factors of l?
2, 7
Let w(m) = -4*m - 42. Let n be w(-3). Let u(y) = -y**2 + 4*y - 3. Let f be u(-6). Let r = n - f. What are the prime factors of r?
3, 11
Suppose -76*g + 71*g + 2960 = 0. What are the prime factors of (-3)/9*-1 - g/(-6)?
3, 11
Suppose -16*z - 11*z = -27918. What are the prime factors of z?
2, 11, 47
Let d(i) = i**3 + 14*i**2 - i - 9. Suppose -n = 5*z - 6, 2*z + 2 = 10. What are the prime factors of d(n)?
5
Suppose -2*a = -2*b - 2082, 5*b - 8*b + 5205 = 5*a. What are the prime factors of a?
3, 347
Let l = 343 - -912. List the prime factors of l.
5, 251
Let n = -1 + 13. Suppose n*p - 133 = 5*p. List the prime factors of p.
19
Suppose -16*u = -300 + 92. List the prime factors of u.
13
Let a(m) = 2*m**2 - 4*m + 5. Let r be a(3). Let q(l) = -r - 14*l + 6 + 13. List the prime factors of q(-3).
2, 5
Let r(h) = h**3 + 22*h**2 + 28*h - 28. Let b be (-24)/(-15)*(-15)/(-6)*-5. List the prime factors of r(b).
2, 53
Let o(i) = -3*i - 12. Let m be o(9). Let u = m + 76. What are the prime factors of u?
37
Let k(c) = c + 1. Let m be k(3). Suppose -29 = -9*v - 137. List the prime factors of (42/v)/((-1)/m).
2, 7
Suppose 4*b + 22 - 54 = 0. Suppose -3*q = -b*q + 15. Let o = q - -21. List the prime factors of o.
2, 3
Suppose 0 = 3*l - 3*o - 30, 4*l = -3*o - 1 + 6. Suppose 100 = l*t - 3*a, 5*t + a + 2*a - 100 = 0. List the prime factors of t.
2, 5
Let r = 276 + 39. Suppose -5*f + r = 35. Let o = f + -30. List the prime factors of o.
2, 13
Suppose 2*r = 4 + 2. Let x = -5 - -17. Suppose 3*a - x = r. List the prime factors of a.
5
Suppose b - 6*b = 0. Suppose 5*w + 5*s - 2 = s, 16 = 4*w - 4*s. Suppose v - w - 8 = b. What are the prime factors of v?
2, 5
Suppose 18*t = -623 + 9083. List the prime factors of t.
2, 5, 47
Let a(x) = -3*x**2 + 92*x + 16. What are the prime factors of a(20)?
2, 41
Let h = 4453 + -1088. What are the prime factors of h?
5, 673
Let z be 2 - (3/(-3) - 2). Suppose -2*w - 6 = -c - 14, 4*w = c + 18. Suppose -z*y + 308 = c*y. What are the prime factors of y?
2, 11
Let g = -16 - 7. List the prime factors of 21 + g - 32/(-1).
2, 3, 5
Suppose 114*g = 113*g + 202. Let m = -56 + g. What are the prime factors of m?
2, 73
Let d(m) = 7*m**3 - 79*m**2 - 25*m + 11. List the prime factors of d(13).
2, 857
Suppose 24 = -i + 6. Let s = -79 - -76. What are the prime factors of s/i + (-1547)/(-42)?
37
Let m be 3*10/75*-5. Let t be 897/((-6)/m) + -3. Suppose -u + 2 = 0, -u - t + 30 = -4*w. List the prime factors of w.
67
List the prime factors of (22/(-6))/(88/(-24024)).
7, 11, 13
Suppose 5*m - 2*v - 2*v - 22 = 0, 4 = 2*v. List the prime factors of (-2019)/(-12) + m/8.
13
Let j = -51 + 23. Let x = 4 - j. List the prime factors of x.
2
Suppose 3*d + 322 = -2*z + 3136, 2*d = 5*z + 1895. What are the prime factors of d?
2, 5, 47
Let w be ((-10)/(-4))/(2/4). Suppose -4 + 0 = -4*j - 3*r, -w*j + 5*r = -40. What are the prime factors of j?
2
Suppose 0 = 4*r + b + 473, 0 = 3*r + 5*b + 203 + 156. Let p = -60 - r. What are the prime factors of p?
2, 29
Let w be 46/4*(1 - 3). Let k = w - -53. Suppose 5*b + 25 = 2*c, -5*c + 3*b + 80 + k = 0. What are the prime factors of c?
5
Let q(c) = 8*c - 24. Let h be q(6). What are the prime factors of (50/6 + -2)/(4/h)?
2, 19
Suppose -k - 143 = -145. List the prime factors of (-7)/((-7)/k) + (-254)/(-1).
2
Let i(a) = 5*a**2 - 4*a + a**3 + 2*a**2 + 16 - 8. List the prime factors of i(-6).
2, 17
What are the prime factors of 15 + -17 - (0 - 268)?
2, 7, 19
Let y = -47 - -350. List the prime factors of y.
3, 101
Let n be (0 - 16/(-9)) + 6/27. Suppose -n*s + 356 = 2*s. What are the prime factors of s?
89
Let r(k) = 82*k**2 + 4*k + 3. Let s be r(-2). Suppose 0 = -3*d + 15, 2*u + 2*u - 5*d = s. List the prime factors of u.
3, 29
Let w be 0/(1*(1 - 2)*1). Suppose w = 8*t - 11*t + 240. List the prime factors of t.
2, 5
Let h = 46 + -43. Suppose 105 = 5*b - 5*z, 5*b + 18 - 163 = -h*z. What are the prime factors of b?
2, 13
Suppose -7*k + 48 = -5*k. Let r be (-6)/10 + 315/25. Let l = k - r. What are the prime factors of l?
2, 3
Let p = 21 + 7. Let r = -16 + p. Suppose 0 = 3*a - 0*a - r. List the prime factors of a.
2
Suppose 5*i + 3 = -5*s - 17, 0 = s - 3*i. Suppose 60 = -2*l + 3*f, 3*f + 21 = -2*l + l. Let o = s - l. List the prime factors of o.
2, 3
What are the prime factors of -1004*2*2/(-16)?
251
Suppose 20 = 5*s - 0*t - t, s = 4*t + 4. Suppose -a - 4 = 0, -5*r - s*a - 1 = 5. Suppose 0 = -2*j - r*j + 172. What are the prime factors of j?
43
Suppose -2*d + 106 = -3*c - 118, -3*d + 323 = 2*c. Let y = d - -55. What are the prime factors of y?
2, 41
Let n(o) = o + 5. Let y be n(0). Suppose 0 = -2*b - 2*q - 10, 3*q - 63 + 6 = y*b. What are the prime factors of b*(12/(-3))/4?
3
Suppose 2*y - 6 = -2*v, 0 = 4*y - v - 6 - 1. List the prime factors of 87/27 - y/9.
3
Let t(g) = -1822*g. List the prime factors of t(-1).
2, 911
Let i be 3/5 - (-296)/40. Suppose -i*x = -3*x - 10. Let r(y) = 20*y + 5. List the prime factors of r(x).
3, 5
Let k be 2/11 - (-300)/44. Suppose -j - 243 = -4*p, -p - k = -2*j - 73. What are the prime factors of p?
2, 3, 5
Let i(k) = k - 6. Let r be i(6). Let g be 162 + (-15)/(4 - 9). Suppose 6*u - u - g = r. What are the prime factors of u?
3, 11
Suppose 5*s + 145 = 2*z - 1252, -847 = 3*s + z. Let n = s + 488. List the prime factors of n.
3, 23
Let a be (12 + -1)*(1 - 2). Let r(n) = 4*n**2 + 16*n + 10. Let x be r(a). Suppose 5*g + g = x. List the prime factors of g.
53
Let u(z) = -64 + 65 - 3*z - 3*z**2 + 4*z + 66*z**3 + z**2. What are the prime factors of u(1)?
2, 3, 11
Suppose -22 = 2*r + 4*f, 0*f + 4*f = -3*r - 23. Let a be (15/2 - r)*-2. Let n = a - -31. What are the prime factors of n?
2, 7
Let u = -22 - -27. Suppose 2*o - 52 + 0 = 2*k, -k = -u*o + 130. List the prime factors of o.
2, 13
Suppose -2*t = -t - 99. Suppose 3*s = -0*s - t. What are the prime factors of s/(-2)*4/3?
2, 11
Suppose 0*x + 21 = 3*x - 5*o, x + o + 1 = 0. Suppose -5*v + 105 = 2*k, -v + 10 = -x*k - 11. List the prime factors of v.
3, 7
Suppose -i - 3*h = -5*i - 229, i + 2*h = -60. Let n = 113 + i. What are the prime factors of n?
5, 11
Suppose 5*k - 2*v = 126, -4*k = -3*v - 17 - 81. Suppose k = 9*a - 37.